 base 10, what is 0 + -334?
-334
In base 2, what is -101000111 + -10100?
-101011011
In base 4, what is -10 - -211?
201
In base 12, what is 5 + 19?
22
In base 5, what is 42 + -12?
30
In base 4, what is 1133 - -2?
1201
In base 4, what is 3 - 211010?
-211001
In base 13, what is -26 - -3ac?
386
In base 5, what is 2033 + -3?
2030
In base 13, what is -5 - -1a6?
1a1
In base 9, what is -3 + -660?
-663
In base 15, what is -2 + 16?
14
In base 2, what is 10000101111001 + 10?
10000101111011
In base 11, what is -2 - -37?
35
In base 12, what is 2 - 943?
-941
In base 8, what is 4 + -352?
-346
In base 11, what is 3 + 296?
299
In base 4, what is 13 - 1031?
-1012
In base 11, what is 39 + 3?
41
In base 10, what is -830 + -3?
-833
In base 16, what is 0 - 73?
-73
In base 11, what is -6486 - 2?
-6488
In base 2, what is -1 + 100010?
100001
In base 4, what is 21 - -11?
32
In base 8, what is -14 - -5?
-7
In base 6, what is 10 - -215?
225
In base 15, what is 1 + 3a3?
3a4
In base 4, what is 20101 + -11?
20030
In base 13, what is -6 - 7?
-10
In base 8, what is 45 + -1?
44
In base 10, what is 18 - -55?
73
In base 10, what is 57 + 30?
87
In base 4, what is 13 + 112?
131
In base 3, what is -22002 - -12?
-21220
In base 15, what is 1a6 + -c?
199
In base 8, what is -364 + -1?
-365
In base 14, what is 5 - 1c3?
-1bc
In base 13, what is 246 + 3?
249
In base 4, what is 21 + -1131?
-1110
In base 3, what is 21 + 2?
100
In base 8, what is 2 + 21?
23
In base 12, what is -3ab - 2?
-3b1
In base 4, what is -1012130 - -11?
-1012113
In base 6, what is 5 + 113?
122
In base 8, what is -417 + 0?
-417
In base 8, what is 47 + -2?
45
In base 4, what is 2 + 33010?
33012
In base 14, what is 1 + 382?
383
In base 2, what is 100 - -1101?
10001
In base 8, what is 1761 - -4?
1765
In base 8, what is -366 - 3?
-371
In base 9, what is 1021 - -5?
1026
In base 13, what is 2a - 28?
2
In base 11, what is -123 - -1?
-122
In base 11, what is 2979 - -4?
2982
In base 10, what is 18 - -2?
20
In base 15, what is -a3 + -21?
-c4
In base 13, what is 2 + 7?
9
In base 6, what is -3 - -451?
444
In base 14, what is -5 + 3b?
36
In base 15, what is 390 - 5?
38a
In base 11, what is -4 - -48?
44
In base 9, what is -18 - -4?
-14
In base 2, what is 101 - 111100100?
-111011111
In base 12, what is -3 + -13b7?
-13ba
In base 14, what is 7 + 36?
3d
In base 9, what is -25 - -2531?
2505
In base 5, what is -1 - 230?
-231
In base 14, what is 7 + -104?
-db
In base 14, what is -667 + 3?
-664
In base 8, what is 2 + -15?
-13
In base 5, what is 0 + 20104?
20104
In base 3, what is -12 - 110202?
-110221
In base 12, what is 2 + -421?
-41b
In base 6, what is -5 - -10132?
10123
In base 11, what is -1515 - -3?
-1512
In base 11, what is 7 + 1161?
1168
In base 13, what is -a2 - -4?
-9b
In base 11, what is 5 + 424?
429
In base 5, what is -122 + -4?
-131
In base 10, what is 750 + 7?
757
In base 7, what is -16 + 360?
341
In base 2, what is -1010001 + 1?
-1010000
In base 16, what is -3121 - 1?
-3122
In base 8, what is -7 + 30?
21
In base 8, what is -732 + 0?
-732
In base 7, what is 21 - -30?
51
In base 11, what is -5 + 2644?
263a
In base 7, what is -403 - -3?
-400
In base 4, what is -10111 - 11?
-10122
In base 10, what is -6 - 8?
-14
In base 12, what is -31 - 4?
-35
In base 5, what is 10 - -102140?
102200
In base 7, what is -20161 - -2?
-20156
In base 5, what is 12403 - 0?
12403
In base 15, what is 5 - -26?
2b
In base 8, what is -3 - 377?
-402
In base 12, what is 1083 + -4?
107b
In base 12, what is 2440 + 4?
2444
In base 9, what is -56 + -11?
-67
In base 9, what is -104 - -5?
-88
In base 12, what is -3a - -1?
-39
In base 3, what is -21221 - -12?
-21202
In base 3, what is -10 - -10?
0
In base 12, what is 1 + -145?
-144
In base 12, what is -20 - 3?
-23
In base 7, what is -6 - 22?
-31
In base 11, what is 131 - -8?
139
In base 2, what is 11100 - -10110?
110010
In base 3, what is 20000 + -2220?
10010
In base 2, what is -101 + -100011?
-101000
In base 2, what is -10010101 + -101?
-10011010
In base 14, what is -51 + 7?
-48
In base 2, what is 10111110 - 101?
10111001
In base 2, what is 100 + -100100011101?
-100100011001
In base 14, what is -42 - -3c?
-4
In base 8, what is 107 - 11?
76
In base 4, what is 3 + -223?
-220
In base 8, what is -12643 + 2?
-12641
In base 14, what is -2 + 4?
2
In base 5, what is 1 + -1022?
-1021
In base 12, what is -327 + -2?
-329
In base 6, what is 44 - -125?
213
In base 14, what is -1014 + 1?
-1013
In base 8, what is -4 - 14030?
-14034
In base 3, what is -100012 + 102?
-22210
In base 14, what is -1b - -90?
73
In base 6, what is 45 - -155?
244
In base 2, what is 1 - -10101000110?
10101000111
In base 6, what is -10 + 32?
22
In base 13, what is -14 + -40?
-54
In base 12, what is 813 + 5?
818
In base 2, what is -100101001010 - 10?
-100101001100
In base 7, what is 0 - 2542?
-2542
In base 2, what is 1000001001 + -1011?
111111110
In base 14, what is 0 + b?
b
In base 5, what is -10 - 312?
-322
In base 12, what is 6 - -b6?
100
In base 10, what is 52 + 19?
71
In base 15, what is 5680 - -1?
5681
In base 7, what is -23 - 6?
-32
In base 16, what is 27 - -4?
2b
In base 6, what is -423 - 12?
-435
In base 4, what is 223 + -201?
22
In base 10, what is 3719 - -4?
3723
In base 10, what is 231 + 29?
260
In base 12, what is -3 - 1367?
-136a
In base 9, what is 17 - -1625?
1643
In base 9, what is 17 - -60?
77
In base 2, what is -100 - -1111100000011?
1111011111111
In base 9, what is -3 + -162?
-165
In base 16, what is 165 + -4?
161
In base 16, what is 2b2 + 12?
2c4
In base 8, what is 4 + -1740?
-1734
In base 14, what is -1b + -1c?
-39
In base 16, what is -16c + -3?
-16f
In base 15, what is 277 + 11?
288
In base 10, what is 2 - -88?
90
In base 9, what is 5 - 800?
-784
In base 12, what is 3 - -1213?
1216
In base 2, what is -10000 + -1101?
-11101
In base 13, what is -c0 + 1?
-bc
In base 5, what is 211224 + 0?
211224
In base 7, what is 265 - 0?
265
In base 8, what is -74554 + -5?
-74561
In base 16, what is a + -1a?
-10
In base 11, what is -96 - 88?
-173
In base 2, what is -100010000 + -11011?
-100101011
In base 13, what is -933 + 2?
-931
In base 4, what is -120 + 21?
-33
In base 6, what is 4352 + 4?
4400
In base 5, what is 2 + -2?
0
In base 13, what is -4 + -410?
-414
In base 7, what is -1131 - 5?
-1136
In base 11, what is 0 - 65?
-65
In base 4, what is 133 + -13?
120
In base 9, what is -186 + 4?
-182
In base 5, what is 22 - 340?
-313
In base 2, what is 100111001 - 11?
100110110
In base 16, what is 3 - -1f1f?
1f22
In base 8, what is -4615 - 2?
-4617
In base 15, what is 1 - -4?
5
In base 8, what is 161 + 1?
162
In base 2, what is -101 + -100101?
-101010
In base 15, what is -1653 + -5?
-1658
In base 14, what is -2 + -87?
-89
In base 10, what is 70 + -17?
53
In base 5, what is -12232 + -4?
-12241
In base 3, what is -1201221 - 2?
-1202000
In base 16, what is 2 + c84?
c86
In base 11, what is -1187 + -4?
-1190
In base 12, what is 3 - -10?
13
In base 7, what is -12 + -20?
-32
In base 15, what is 43 + 5?
48
In base 9, what is 61454 + 0?
61454
In base 3, what is -20 - -1011?
221
In base 4, what is 300201 + -12?
300123
In base 11, what is 2 + 38?
3a
In base 3, what is 2 - -1121110?
1121112
In base 6, what is -141 - 335?
-520
In base 9, what is 3 - 150?
-146
In base 9, what is -13837 - -5?
-13832
In base 11, what is -3 - 3a4?
-3a7
In base 7, what is 6 + 5251?
5260
In base 16, what is 30 - -4?
34
In base 9, what is -37 - -10?
-27
In base 12, what is -4 + -89?
-91
In base 16, what is -296 - 3?
-299
In base 6, what is 4 + 254?
302
In base 5, what is 402 - 21?
331
In base 6, what is -32 - 0?
-32
In base 11, what is -36a - 69?
-428
In base 5, what is -11001 + 3?
-10443
In base 13, what is 33c3 + 0?
33c3
In base 3, what is 22 + -20?
2
In base 3, what is 12 - 2011011?
-2010222
In base 13, what is -145 - 6b?
-1b3
In base 9, what is 4 + 88?
103
In base 4, what is -1130032 - -3?
-1130023
In base 7, what is -4 - -606?
602
In base 13, what is 1a - -7?
24
In base 10, what is -34 + -2?
-36
In base 11, what is 40a4 - 3?
40a1
In base 6, what is 2 - 13304?
-13302
In base 10, what is 3762 - 3?
3759
In base 9, what is 1 + 451?
452
In base 13, what is -1c6 - 28?
-221
In base 5, what is -4 + 1120?
1111
In base 15, what is 16 + -10?
6
In base 10, what is -49 - 612?
-661
In base 5, what is